h = 4*z - u + 38. Let k = z - -51. What is the remainder when 49 is divided by k?
15
Let t = 0 - 0. Suppose -2*c + 0*c + 4 = t. Let z(g) = 4*g**2 - 2*g. Calculate the remainder when 34 is divided by z(c).
10
Let g = 32 - -54. Calculate the remainder when g is divided by 4.
2
Calculate the remainder when 60 is divided by 18 - 2*(4 - 3).
12
Let a = 20 - -1. What is the remainder when a is divided by 8?
5
Let q = -161 - -107. Let k be 1/(-2) - q/12. Suppose 5*p - k*m = 133, -3*p - 3*m = -4*p + 20. What is the remainder when p is divided by 16?
13
Suppose 0 = -7*l + 2*l + 45. Suppose -2*h + 7 + 11 = 4*y, -l = y - 4*h. Calculate the remainder when 5 is divided by y.
2
Calculate the remainder when 38 is divided by ((-10)/4)/((-1)/8).
18
Suppose 50 = 5*i - 4*m, -2*m = i - 3*i + 18. What is the remainder when 26 is divided by i?
12
Suppose q + 0*g + 3*g - 18 = 0, 4*g - 11 = 3*q. What is the remainder when (4/q)/((-8)/(-108)) is divided by 5?
3
Suppose 0 = -0*w - 4*w + 48. Let g(b) = 2*b - 7. What is the remainder when g(w) is divided by 6?
5
Let a = 86 + -36. What is the remainder when a is divided by 30?
20
Suppose j = -6*j + 490. Calculate the remainder when j is divided by 24.
22
Let c(g) = -20*g - 1. Let r(n) = -21*n - 1. Let f(t) = 3*c(t) - 4*r(t). Calculate the remainder when 49 is divided by f(1).
24
Calculate the remainder when 57 - 1/3*3 is divided by (19/2)/((-10)/(-20)).
18
Let o(x) = 27*x - 1. What is the remainder when 77 is divided by o(1)?
25
Suppose -4*f + 68 = -3*t, 4*f - 3*f + t = 24. Calculate the remainder when 56 is divided by f.
16
Let f(x) be the third derivative of x**5/60 - 5*x**4/12 - 8*x**3/3 + 4*x**2. Calculate the remainder when 30 is divided by f(12).
6
Calculate the remainder when 51 is divided by (-18)/(-6) - 1*-10.
12
Let i be (-8 + 1)/((-12)/12). Let j = 2 + i. What is the remainder when 16 is divided by j?
7
Suppose -4 = 3*b + b. Let c = b + 3. Calculate the remainder when 5 is divided by c.
1
Suppose -4*b + 5*l = 21, -4*l + 20 = -0*l. Calculate the remainder when 10 + 0 + (-5)/5 is divided by (0 - b) + (5 - -1).
4
Let x(k) = 4*k + 2. What is the remainder when x(3) is divided by 6?
2
Suppose -9 = -s + 3. Suppose l - 10 = 2*l + 3*g, -5*g - 25 = 0. Suppose -150 = -3*n - l*t, 157 = 5*n + 3*t - 77. Calculate the remainder when n is divided by s.
9
Let w(h) = h - 6. Let j be w(4). Suppose -3*u = -n - 87, -4*n + 5 = 17. What is the remainder when u is divided by 321/21 - j/(-7)?
13
Let m = 39 + -23. Calculate the remainder when 45 is divided by m.
13
Let j = 53 - 13. Suppose 1 - 7 = -3*q. Let a = q - -12. What is the remainder when j is divided by a?
12
Let j(l) = -6*l**3 - 4*l**2 - 2*l + 1. Let h be j(-2). Suppose 3*a - h = 8. What is the remainder when a is divided by -1*((-14)/2 - 1)?
7
Let n = -65 + 112. Suppose -14*f + 13*f = -12. Calculate the remainder when n is divided by f.
11
What is the remainder when 7 + (-7)/(-9) + (-4)/(-18) is divided by 5?
3
Let o be -1*1 - (3 - 12). Let d = 4 + -9. Let b = o - d. Calculate the remainder when 37 is divided by b.
11
Let n = -13 - -13. Suppose 4*u - 112 = -n*u + 4*j, -2*u + 5*j = -71. What is the remainder when u is divided by 5?
3
Let w(x) = -10*x. Calculate the remainder when 31 is divided by w(-1).
1
Let j be 1/((-1)/1*1). Let d(r) = 2*r + 5. Let b(m) = -5*m - 14. Let v(i) = -4*b(i) - 11*d(i). Calculate the remainder when 5 is divided by v(j).
2
Let a(x) be the third derivative of x**4/24 + x**3/2 - x**2. Let b be a(4). Calculate the remainder when (-52)/(-14) - (-2)/b is divided by 3.
1
Calculate the remainder when 118 is divided by 204/8*(-4)/(-6).
16
Suppose -z + 3*n + 17 = 0, -2*n + 107 = 3*z + 3*n. Calculate the remainder when z is divided by (-3132)/(-406) - ((-2)/7 - 0).
5
Suppose 4*w - 36 - 40 = 0. Suppose l - 16 = 2*a, 13 = -2*a + 3*l - 3. Let p(x) = x**2 + 8*x + 10. Calculate the remainder when w is divided by p(a).
9
Suppose 445 = 3*q - 2*z + 83, -3*q + 338 = 4*z. Calculate the remainder when q is divided by 24.
22
Let b = -41 - -76. Suppose 0 = w + 2*w - 36. Calculate the remainder when b is divided by w.
11
Let h = -4 + 19. Suppose 5*g - 5 = 140. What is the remainder when g is divided by h?
14
Let y(s) be the second derivative of 0 + s - 4/3*s**3 + 9/2*s**2 - 1/12*s**4. What is the remainder when y(-7) is divided by 9?
7
Suppose 3*a - 18 = -0*a. What is the remainder when a is divided by 2?
0
Let p(n) = 8*n + 3. Suppose 3*m = -20 + 8. Let y be p(m). Let w = 14 - y. Calculate the remainder when w is divided by 15.
13
Let j = -21 + 11. Let l = 18 + j. What is the remainder when (-22)/(2/(-4)*2) is divided by l?
6
What is the remainder when ((-341)/(-22))/(2/4) is divided by 17?
14
Let u = 84 - 30. What is the remainder when u is divided by 14?
12
Let r(x) = x**2 + 5*x + 3. Calculate the remainder when r(-5) is divided by 1.
0
Calculate the remainder when (-529)/(-17) - 4/34 is divided by 8.
7
Suppose 4*l + 32 = 6*l. Suppose -l = -f - 1. Calculate the remainder when 28 is divided by f.
13
Let z be (1/3)/((-1)/9). Let f(o) = -o**3 - 4*o**2 - 5*o - 3. What is the remainder when 5 is divided by f(z)?
2
Suppose 55 = -4*y - y. Let b = 30 + y. What is the remainder when b is divided by (-2)/1 - (-10 - -1)?
5
Suppose -3 - 9 = -s. Suppose 3*l - l = s. What is the remainder when 21 is divided by l?
3
Suppose 23*f = 20*f + 57. Calculate the remainder when 54 is divided by f.
16
Let k(w) = -2*w + 16. Let d be k(-8). Suppose 2*l + 2 = 12. Suppose -l*s = -s - d. What is the remainder when 15 is divided by s?
7
Suppose -5*y - 2*a - 2*a = -20, -3*y = 5*a + 1. Let w = 9 + 13. Calculate the remainder when w is divided by y.
6
Calculate the remainder when (-348)/15*(-5)/2 is divided by 22.
14
Suppose 3*g - 3*z - 36 = 0, z = 5*g - 2*z - 54. What is the remainder when g is divided by 2*(0 + (-5)/(-2))?
4
What is the remainder when 73 is divided by -2*((-27)/2 + 1)?
23
Suppose 5*b - 7 = -p, 3*p - 3*b - 49 = -4*b. Calculate the remainder when p is divided by 11.
6
What is the remainder when 5 is divided by ((-12)/((-8)/(-2)))/(12/(-8))?
1
Suppose -153 = -3*c - 36. Calculate the remainder when c is divided by 14.
11
Suppose -2*q + 19 = -4*n + n, -21 = 5*n + 2*q. Let s = n + 14. Let y(z) = -z**3 - 8*z**2 - 2*z + 9. Calculate the remainder when y(-8) is divided by s.
7
Suppose 12*q = q + 121. What is the remainder when 37 is divided by q?
4
Suppose 5*i - 3 = x, -3*i - 2*x + 6 = -i. What is the remainder when -3 + i - -1 - -74 is divided by 25?
23
Let n(v) = 86*v**2. Calculate the remainder when n(-1) is divided by 44.
42
Let g = 0 - -7. Let h = 11 - g. Suppose -h*c = 3*d - 43, -2 = c + 4*d - 3. What is the remainder when 24 is divided by c?
11
Let h be ((-1)/(-4))/(3/12). Suppose 4*t + 8 = -4*z, -5*t + z = -4*z + 10. What is the remainder when h/t - 77/(-2) is divided by 13?
12
Calculate the remainder when ((-2)/(-1) - -13) + 1 + -2 is divided by (1*-1)/(2/(-8)).
2
Let f(o) = -o**2 - o - 1. Let g be f(0). Suppose -x + 4*p + 3 = 2, -1 = -x - 3*p. Let s = x - g. What is the remainder when s is divided by 2?
0
Suppose -n = -0*g + g - 30, -5*g + 123 = -4*n. What is the remainder when 105 is divided by g?
24
Suppose 5*x = 6 + 134. What is the remainder when x is divided by 18?
10
What is the remainder when ((-10)/20)/(1/(-86)) is divided by 11?
10
Suppose l + 9 = 3*l - g, -5*l - g = -26. Suppose 38 = 4*w - 2*v, 4 = 2*v + 10. Calculate the remainder when w is divided by l.
3
Suppose 6*i = i - 5, -5*i = -r + 11. Suppose -r*k + 5*k = -2. Suppose -3*n - 5*m - 17 = n, -k*m = 10. What is the remainder when 3 is divided by n?
1
Suppose 2*s = -4*a + 44, -3*a + s = 3*s - 34. What is the remainder when 49 is divided by a?
9
Suppose 2*c - 8 = c + q, 3*c - q - 26 = 0. Calculate the remainder when c is divided by 4.
1
Let a(f) = -3*f - 9. Let s be a(-6). Suppose -3*g + 45 = -s. What is the remainder when g is divided by 10?
8
Let d(f) = 24*f - 3. Let y be d(4). Let g = -53 + y. What is the remainder when g is divided by 14?
12
Suppose 4*n - o = 30 - 5, 0 = -5*o - 5. Suppose -2*k = 3*a - 8, -2*k + 6*a + 32 = 3*a. Calculate the remainder when k is divided by n.
4
Suppose 0 = l - 2*c - 126, -4*c + 2*c - 510 = -4*l. Let r = l + -62. What is the remainder when r is divided by 14?
10
Suppose 0 = 3*w + 2*